{"id":930,"date":"2024-01-09T10:01:04","date_gmt":"2024-01-09T09:01:04","guid":{"rendered":"https:\/\/lumieresdeselene.com\/?post_type=product&#038;p=930"},"modified":"2025-09-29T13:56:12","modified_gmt":"2025-09-29T11:56:12","slug":"arbre-de-vie-en-bois","status":"publish","type":"product","link":"https:\/\/lumieresdeselene.com\/index.php\/produit\/arbre-de-vie-en-bois\/","title":{"rendered":"Arbre de vie en bois"},"content":{"rendered":"<p><span style=\"font-family: Ephesis; font-size: 26px;\">Ce motif universel est charg\u00e9 de messages positifs, il est en effet pr\u00e9sent dans un grand nombre de cultures et de religions \u00e0 travers les si\u00e8cles.<\/span><\/p>\n<p><span style=\"font-family: Ephesis; font-size: 26px;\">Des fouilles arch\u00e9ologiques ont permis de d\u00e9terminer que l\u2019arbre de vie \u00e9tait d\u00e9j\u00e0 repr\u00e9sent\u00e9 aux alentours de -7000 av. J.-C. Ainsi, l&rsquo;image de l&rsquo;arbre de vie est utilis\u00e9e depuis l\u2019Antiquit\u00e9 chez les Mayas, les Azt\u00e8ques, et dans de multiples autres cultures.<\/span><\/p>\n<p><span style=\"font-family: Ephesis; font-size: 26px;\">L\u2019<a href=\"https:\/\/lumieresdeselene.com\/index.php\/produit\/selenite-plaque-arbre-de-vie-astres\/\">arbre de vie<\/a> est \u00e9galement mentionn\u00e9 dans le livre de la Gen\u00e8se avec l\u2019arbre de la Connaissance du Bien et du Mal sur lequel pousse le fruit d\u00e9fendu, dans le jardin d&rsquo;Eden.<\/span><\/p>\n<p><span style=\"font-family: Ephesis; font-size: 26px;\">Un arbre de <a href=\"https:\/\/lumieresdeselene.com\/index.php\/produit\/fleur-de-vie-en-bois\/\">vie<\/a> repr\u00e9sente la croissance, la r\u00e9sistance, l\u2019\u00e9nergie positive et naturelle, la vitalit\u00e9 et les nouveaux d\u00e9parts.<\/span><\/p>\n<p><span style=\"font-family: Ephesis; font-size: 26px;\">L\u2019arbre de vie est le <a href=\"https:\/\/lumieresdeselene.com\/index.php\/produit\/selenite-plaque-signes-du-zodiaque\/\">symbole<\/a> id\u00e9al de la vie et de la fertilit\u00e9. Il incarne physiquement la renaissance et le cycle de la vie. Apr\u00e8s avoir perdu leurs feuilles en automne et en hiver, les arbres renaissent au printemps, faisant appara\u00eetre bourgeons, fruits et feuilles. Pour cela, l\u2019arbre est naturellement associ\u00e9 aux cycles, aux nouveaux d\u00e9parts et \u00e0 la r\u00e9silience face aux \u00e9preuves.<\/span><\/p>\n<p><span style=\"font-family: Ephesis; font-size: 26px;\">L&rsquo;Arbre de Vie est un autre symbole sacr\u00e9 qui peut \u00eatre utilis\u00e9 pour recharger les pierres.<\/span><\/p>\n<p><span style=\"font-family: Ephesis; font-size: 26px;\">Les vibrations \u00e9mises par l&rsquo;arbre de vie auraient des pouvoirs harmonisant, \u00e9quilibrants et dynamisants, c&rsquo;est pourquoi il est fr\u00e9quemment utilis\u00e9 pour recharger des pierres et min\u00e9raux ou dynamiser de l\u2019eau. Il suffit simplement de d\u00e9poser vos pierres, min\u00e9raux et bijoux quelques heures sur le symbole.<\/span><\/p>\n","protected":false},"excerpt":{"rendered":"<p><span style=\"font-family: Ephesis; font-size: 26px;\">Arbre de vie en bois de Bouleau diam\u00e8tre 10 cm.<\/span><\/p>\n<p>&nbsp;<\/p>\n","protected":false},"featured_media":931,"comment_status":"closed","ping_status":"closed","template":"","meta":[],"product_brand":[],"product_cat":[370],"product_tag":[497,410,134,496],"class_list":{"0":"post-930","1":"product","2":"type-product","3":"status-publish","4":"has-post-thumbnail","6":"product_cat-plaque-de-rechargement","7":"product_tag-cycle-de-la-vie","8":"product_tag-geometrie-sacree","9":"product_tag-harmonie","10":"product_tag-vibrations","12":"first","13":"instock","14":"purchasable","15":"product-type-simple"},"yoast_head":"<!-- This site is optimized with the Yoast SEO plugin v27.1 - https:\/\/yoast.com\/product\/yoast-seo-wordpress\/ -->\n<title>Arbre de vie en bois - Produits en stock - Lumi\u00e8res de S\u00e9l\u00e9n\u00e9<\/title>\n<meta name=\"description\" content=\"Cliquez ici pour d\u00e9couvrir Arbre de vie en bois . Produits en stock d\u00e9part le jour m\u00eame ou le lendemain - Lumi\u00e8res de S\u00e9l\u00e9n\u00e9\" \/>\n<meta name=\"robots\" content=\"index, follow, max-snippet:-1, max-image-preview:large, max-video-preview:-1\" \/>\n<link rel=\"canonical\" href=\"https:\/\/lumieresdeselene.com\/index.php\/produit\/arbre-de-vie-en-bois\/\" \/>\n<meta property=\"og:locale\" content=\"fr_FR\" \/>\n<meta property=\"og:type\" content=\"article\" \/>\n<meta property=\"og:title\" content=\"Arbre de vie en bois - Produits en stock - Lumi\u00e8res de S\u00e9l\u00e9n\u00e9\" \/>\n<meta property=\"og:description\" content=\"Cliquez ici pour d\u00e9couvrir Arbre de vie en bois . Produits en stock d\u00e9part le jour m\u00eame ou le lendemain - Lumi\u00e8res de S\u00e9l\u00e9n\u00e9\" \/>\n<meta property=\"og:url\" content=\"https:\/\/lumieresdeselene.com\/index.php\/produit\/arbre-de-vie-en-bois\/\" \/>\n<meta property=\"og:site_name\" content=\"Lumi\u00e8res de S\u00e9l\u00e9n\u00e9\" \/>\n<meta property=\"article:publisher\" content=\"https:\/\/www.facebook.com\/lumieresdeselene\/\" \/>\n<meta property=\"article:modified_time\" content=\"2025-09-29T11:56:12+00:00\" \/>\n<meta property=\"og:image\" content=\"https:\/\/lumieresdeselene.com\/wp-content\/uploads\/2024\/01\/1704712874838-modif.jpg\" \/>\n\t<meta property=\"og:image:width\" content=\"1800\" \/>\n\t<meta property=\"og:image:height\" content=\"1748\" \/>\n\t<meta property=\"og:image:type\" content=\"image\/jpeg\" \/>\n<meta name=\"twitter:card\" content=\"summary_large_image\" \/>\n<meta name=\"twitter:label1\" content=\"Dur\u00e9e de lecture estim\u00e9e\" \/>\n\t<meta name=\"twitter:data1\" content=\"2 minutes\" \/>\n<script type=\"application\/ld+json\" class=\"yoast-schema-graph\">{\"@context\":\"https:\/\/schema.org\",\"@graph\":[{\"@type\":\"WebPage\",\"@id\":\"https:\/\/lumieresdeselene.com\/index.php\/produit\/arbre-de-vie-en-bois\/\",\"url\":\"https:\/\/lumieresdeselene.com\/index.php\/produit\/arbre-de-vie-en-bois\/\",\"name\":\"Arbre de vie en bois - Produits en stock - Lumi\u00e8res de S\u00e9l\u00e9n\u00e9\",\"isPartOf\":{\"@id\":\"https:\/\/lumieresdeselene.com\/#website\"},\"primaryImageOfPage\":{\"@id\":\"https:\/\/lumieresdeselene.com\/index.php\/produit\/arbre-de-vie-en-bois\/#primaryimage\"},\"image\":{\"@id\":\"https:\/\/lumieresdeselene.com\/index.php\/produit\/arbre-de-vie-en-bois\/#primaryimage\"},\"thumbnailUrl\":\"https:\/\/i0.wp.com\/lumieresdeselene.com\/wp-content\/uploads\/2024\/01\/1704712874838-modif.jpg?fit=1800%2C1748&ssl=1\",\"datePublished\":\"2024-01-09T09:01:04+00:00\",\"dateModified\":\"2025-09-29T11:56:12+00:00\",\"description\":\"Cliquez ici pour d\u00e9couvrir Arbre de vie en bois . Produits en stock d\u00e9part le jour m\u00eame ou le lendemain - Lumi\u00e8res de S\u00e9l\u00e9n\u00e9\",\"breadcrumb\":{\"@id\":\"https:\/\/lumieresdeselene.com\/index.php\/produit\/arbre-de-vie-en-bois\/#breadcrumb\"},\"inLanguage\":\"fr-FR\",\"potentialAction\":[{\"@type\":\"ReadAction\",\"target\":[\"https:\/\/lumieresdeselene.com\/index.php\/produit\/arbre-de-vie-en-bois\/\"]}]},{\"@type\":\"ImageObject\",\"inLanguage\":\"fr-FR\",\"@id\":\"https:\/\/lumieresdeselene.com\/index.php\/produit\/arbre-de-vie-en-bois\/#primaryimage\",\"url\":\"https:\/\/i0.wp.com\/lumieresdeselene.com\/wp-content\/uploads\/2024\/01\/1704712874838-modif.jpg?fit=1800%2C1748&ssl=1\",\"contentUrl\":\"https:\/\/i0.wp.com\/lumieresdeselene.com\/wp-content\/uploads\/2024\/01\/1704712874838-modif.jpg?fit=1800%2C1748&ssl=1\",\"width\":1800,\"height\":1748,\"caption\":\"Arbre de vie bois d10\"},{\"@type\":\"BreadcrumbList\",\"@id\":\"https:\/\/lumieresdeselene.com\/index.php\/produit\/arbre-de-vie-en-bois\/#breadcrumb\",\"itemListElement\":[{\"@type\":\"ListItem\",\"position\":1,\"name\":\"Accueil\",\"item\":\"https:\/\/lumieresdeselene.com\/\"},{\"@type\":\"ListItem\",\"position\":2,\"name\":\"Boutique\",\"item\":\"https:\/\/lumieresdeselene.com\/index.php\/boutique\/\"},{\"@type\":\"ListItem\",\"position\":3,\"name\":\"Arbre de vie en bois\"}]},{\"@type\":\"WebSite\",\"@id\":\"https:\/\/lumieresdeselene.com\/#website\",\"url\":\"https:\/\/lumieresdeselene.com\/\",\"name\":\"Lumi\u00e8res de S\u00e9l\u00e9n\u00e9\",\"description\":\"Lumi\u00e8res de S\u00e9l\u00e9n\u00e9\",\"publisher\":{\"@id\":\"https:\/\/lumieresdeselene.com\/#organization\"},\"potentialAction\":[{\"@type\":\"SearchAction\",\"target\":{\"@type\":\"EntryPoint\",\"urlTemplate\":\"https:\/\/lumieresdeselene.com\/?s={search_term_string}\"},\"query-input\":{\"@type\":\"PropertyValueSpecification\",\"valueRequired\":true,\"valueName\":\"search_term_string\"}}],\"inLanguage\":\"fr-FR\"},{\"@type\":\"Organization\",\"@id\":\"https:\/\/lumieresdeselene.com\/#organization\",\"name\":\"Lumi\u00e8res de S\u00e9l\u00e9n\u00e9\",\"url\":\"https:\/\/lumieresdeselene.com\/\",\"logo\":{\"@type\":\"ImageObject\",\"inLanguage\":\"fr-FR\",\"@id\":\"https:\/\/lumieresdeselene.com\/#\/schema\/logo\/image\/\",\"url\":\"https:\/\/i0.wp.com\/lumieresdeselene.com\/wp-content\/uploads\/2024\/01\/Lumieres-de-Selene3.jpg?fit=500%2C500&ssl=1\",\"contentUrl\":\"https:\/\/i0.wp.com\/lumieresdeselene.com\/wp-content\/uploads\/2024\/01\/Lumieres-de-Selene3.jpg?fit=500%2C500&ssl=1\",\"width\":500,\"height\":500,\"caption\":\"Lumi\u00e8res de S\u00e9l\u00e9n\u00e9\"},\"image\":{\"@id\":\"https:\/\/lumieresdeselene.com\/#\/schema\/logo\/image\/\"},\"sameAs\":[\"https:\/\/www.facebook.com\/lumieresdeselene\/\",\"https:\/\/www.instagram.com\/lumieres.selene\/\"]}]}<\/script>\n<!-- \/ Yoast SEO plugin. -->","yoast_head_json":{"title":"Arbre de vie en bois - Produits en stock - Lumi\u00e8res de S\u00e9l\u00e9n\u00e9","description":"Cliquez ici pour d\u00e9couvrir Arbre de vie en bois . Produits en stock d\u00e9part le jour m\u00eame ou le lendemain - Lumi\u00e8res de S\u00e9l\u00e9n\u00e9","robots":{"index":"index","follow":"follow","max-snippet":"max-snippet:-1","max-image-preview":"max-image-preview:large","max-video-preview":"max-video-preview:-1"},"canonical":"https:\/\/lumieresdeselene.com\/index.php\/produit\/arbre-de-vie-en-bois\/","og_locale":"fr_FR","og_type":"article","og_title":"Arbre de vie en bois - Produits en stock - Lumi\u00e8res de S\u00e9l\u00e9n\u00e9","og_description":"Cliquez ici pour d\u00e9couvrir Arbre de vie en bois . Produits en stock d\u00e9part le jour m\u00eame ou le lendemain - Lumi\u00e8res de S\u00e9l\u00e9n\u00e9","og_url":"https:\/\/lumieresdeselene.com\/index.php\/produit\/arbre-de-vie-en-bois\/","og_site_name":"Lumi\u00e8res de S\u00e9l\u00e9n\u00e9","article_publisher":"https:\/\/www.facebook.com\/lumieresdeselene\/","article_modified_time":"2025-09-29T11:56:12+00:00","og_image":[{"width":1800,"height":1748,"url":"https:\/\/lumieresdeselene.com\/wp-content\/uploads\/2024\/01\/1704712874838-modif.jpg","type":"image\/jpeg"}],"twitter_card":"summary_large_image","twitter_misc":{"Dur\u00e9e de lecture estim\u00e9e":"2 minutes"},"schema":{"@context":"https:\/\/schema.org","@graph":[{"@type":"WebPage","@id":"https:\/\/lumieresdeselene.com\/index.php\/produit\/arbre-de-vie-en-bois\/","url":"https:\/\/lumieresdeselene.com\/index.php\/produit\/arbre-de-vie-en-bois\/","name":"Arbre de vie en bois - Produits en stock - Lumi\u00e8res de S\u00e9l\u00e9n\u00e9","isPartOf":{"@id":"https:\/\/lumieresdeselene.com\/#website"},"primaryImageOfPage":{"@id":"https:\/\/lumieresdeselene.com\/index.php\/produit\/arbre-de-vie-en-bois\/#primaryimage"},"image":{"@id":"https:\/\/lumieresdeselene.com\/index.php\/produit\/arbre-de-vie-en-bois\/#primaryimage"},"thumbnailUrl":"https:\/\/i0.wp.com\/lumieresdeselene.com\/wp-content\/uploads\/2024\/01\/1704712874838-modif.jpg?fit=1800%2C1748&ssl=1","datePublished":"2024-01-09T09:01:04+00:00","dateModified":"2025-09-29T11:56:12+00:00","description":"Cliquez ici pour d\u00e9couvrir Arbre de vie en bois . Produits en stock d\u00e9part le jour m\u00eame ou le lendemain - Lumi\u00e8res de S\u00e9l\u00e9n\u00e9","breadcrumb":{"@id":"https:\/\/lumieresdeselene.com\/index.php\/produit\/arbre-de-vie-en-bois\/#breadcrumb"},"inLanguage":"fr-FR","potentialAction":[{"@type":"ReadAction","target":["https:\/\/lumieresdeselene.com\/index.php\/produit\/arbre-de-vie-en-bois\/"]}]},{"@type":"ImageObject","inLanguage":"fr-FR","@id":"https:\/\/lumieresdeselene.com\/index.php\/produit\/arbre-de-vie-en-bois\/#primaryimage","url":"https:\/\/i0.wp.com\/lumieresdeselene.com\/wp-content\/uploads\/2024\/01\/1704712874838-modif.jpg?fit=1800%2C1748&ssl=1","contentUrl":"https:\/\/i0.wp.com\/lumieresdeselene.com\/wp-content\/uploads\/2024\/01\/1704712874838-modif.jpg?fit=1800%2C1748&ssl=1","width":1800,"height":1748,"caption":"Arbre de vie bois d10"},{"@type":"BreadcrumbList","@id":"https:\/\/lumieresdeselene.com\/index.php\/produit\/arbre-de-vie-en-bois\/#breadcrumb","itemListElement":[{"@type":"ListItem","position":1,"name":"Accueil","item":"https:\/\/lumieresdeselene.com\/"},{"@type":"ListItem","position":2,"name":"Boutique","item":"https:\/\/lumieresdeselene.com\/index.php\/boutique\/"},{"@type":"ListItem","position":3,"name":"Arbre de vie en bois"}]},{"@type":"WebSite","@id":"https:\/\/lumieresdeselene.com\/#website","url":"https:\/\/lumieresdeselene.com\/","name":"Lumi\u00e8res de S\u00e9l\u00e9n\u00e9","description":"Lumi\u00e8res de S\u00e9l\u00e9n\u00e9","publisher":{"@id":"https:\/\/lumieresdeselene.com\/#organization"},"potentialAction":[{"@type":"SearchAction","target":{"@type":"EntryPoint","urlTemplate":"https:\/\/lumieresdeselene.com\/?s={search_term_string}"},"query-input":{"@type":"PropertyValueSpecification","valueRequired":true,"valueName":"search_term_string"}}],"inLanguage":"fr-FR"},{"@type":"Organization","@id":"https:\/\/lumieresdeselene.com\/#organization","name":"Lumi\u00e8res de S\u00e9l\u00e9n\u00e9","url":"https:\/\/lumieresdeselene.com\/","logo":{"@type":"ImageObject","inLanguage":"fr-FR","@id":"https:\/\/lumieresdeselene.com\/#\/schema\/logo\/image\/","url":"https:\/\/i0.wp.com\/lumieresdeselene.com\/wp-content\/uploads\/2024\/01\/Lumieres-de-Selene3.jpg?fit=500%2C500&ssl=1","contentUrl":"https:\/\/i0.wp.com\/lumieresdeselene.com\/wp-content\/uploads\/2024\/01\/Lumieres-de-Selene3.jpg?fit=500%2C500&ssl=1","width":500,"height":500,"caption":"Lumi\u00e8res de S\u00e9l\u00e9n\u00e9"},"image":{"@id":"https:\/\/lumieresdeselene.com\/#\/schema\/logo\/image\/"},"sameAs":["https:\/\/www.facebook.com\/lumieresdeselene\/","https:\/\/www.instagram.com\/lumieres.selene\/"]}]}},"jetpack_sharing_enabled":true,"_links":{"self":[{"href":"https:\/\/lumieresdeselene.com\/index.php\/wp-json\/wp\/v2\/product\/930","targetHints":{"allow":["GET"]}}],"collection":[{"href":"https:\/\/lumieresdeselene.com\/index.php\/wp-json\/wp\/v2\/product"}],"about":[{"href":"https:\/\/lumieresdeselene.com\/index.php\/wp-json\/wp\/v2\/types\/product"}],"replies":[{"embeddable":true,"href":"https:\/\/lumieresdeselene.com\/index.php\/wp-json\/wp\/v2\/comments?post=930"}],"wp:featuredmedia":[{"embeddable":true,"href":"https:\/\/lumieresdeselene.com\/index.php\/wp-json\/wp\/v2\/media\/931"}],"wp:attachment":[{"href":"https:\/\/lumieresdeselene.com\/index.php\/wp-json\/wp\/v2\/media?parent=930"}],"wp:term":[{"taxonomy":"product_brand","embeddable":true,"href":"https:\/\/lumieresdeselene.com\/index.php\/wp-json\/wp\/v2\/product_brand?post=930"},{"taxonomy":"product_cat","embeddable":true,"href":"https:\/\/lumieresdeselene.com\/index.php\/wp-json\/wp\/v2\/product_cat?post=930"},{"taxonomy":"product_tag","embeddable":true,"href":"https:\/\/lumieresdeselene.com\/index.php\/wp-json\/wp\/v2\/product_tag?post=930"}],"curies":[{"name":"wp","href":"https:\/\/api.w.org\/{rel}","templated":true}]}}