{"id":2017,"date":"2024-09-09T11:50:02","date_gmt":"2024-09-09T09:50:02","guid":{"rendered":"https:\/\/lumieresdeselene.com\/?post_type=product&#038;p=2017"},"modified":"2025-12-02T11:55:09","modified_gmt":"2025-12-02T10:55:09","slug":"bougie-lithotherapie-poudre-de-perlimpinpin-sodalite","status":"publish","type":"product","link":"https:\/\/lumieresdeselene.com\/index.php\/produit\/bougie-lithotherapie-poudre-de-perlimpinpin-sodalite\/","title":{"rendered":"Bougie lithoth\u00e9rapie &#8211; Poudre de Perlimpinpin &#8211; Sodalite"},"content":{"rendered":"<p><span style=\"font-family: Ephesis; font-size: 26px;\">Chaque bougie est unique, d\u00e9cor\u00e9e \u00e0 la main. <\/span><\/p>\n<p><span style=\"font-family: Ephesis; font-size: 26px;\">La cire utilis\u00e9e est de la cire de Soja 100% v\u00e9g\u00e9tale, V\u00e9gan, sans Ogm. <\/span><\/p>\n<p><span style=\"font-family: Ephesis; font-size: 26px;\">Nos parfums sont fran\u00e7ais (Grasse) et garantis sans Cmr (canc\u00e9rog\u00e8ne, mutag\u00e8ne, reprotoxique), non toxique.<\/span><\/p>\n<p><span style=\"font-family: Ephesis; font-size: 26px;\">M\u00e8ches en coton certifi\u00e9es Oeko-Tex.<\/span><\/p>\n<p>&nbsp;<\/p>\n<p><img data-recalc-dims=\"1\" fetchpriority=\"high\" decoding=\"async\" class=\"wp-image-1690 size-full\" src=\"https:\/\/i0.wp.com\/lumieresdeselene.com\/wp-content\/uploads\/2024\/05\/Pictogramme-nature-des-bougies.jpg?resize=756%2C720&#038;ssl=1\" alt=\"Pictogrammes de qualit\u00e9\" width=\"756\" height=\"720\" srcset=\"https:\/\/i0.wp.com\/lumieresdeselene.com\/wp-content\/uploads\/2024\/05\/Pictogramme-nature-des-bougies.jpg?w=756&amp;ssl=1 756w, https:\/\/i0.wp.com\/lumieresdeselene.com\/wp-content\/uploads\/2024\/05\/Pictogramme-nature-des-bougies.jpg?resize=300%2C286&amp;ssl=1 300w, https:\/\/i0.wp.com\/lumieresdeselene.com\/wp-content\/uploads\/2024\/05\/Pictogramme-nature-des-bougies.jpg?resize=416%2C396&amp;ssl=1 416w\" sizes=\"(max-width: 756px) 100vw, 756px\" \/><\/p>\n<p><span style=\"font-family: Ephesis; font-size: 26px;\"><strong>Ingr\u00e9dients\u00a0<\/strong>(que du bon !) : 93 % Cire de soja, 7 % parfum de Grasse.<\/span><\/p>\n<p><span style=\"font-family: Ephesis; font-size: 26px;\"><strong>Conseil d&rsquo;utilisation<\/strong> : Merci de vous reporter aux pictogrammes indiqu\u00e9s sur la bougie.<\/span><\/p>\n<p><span style=\"font-family: Ephesis; font-size: 26px;\"><strong>Informations<\/strong>\u00a0: Tenir hors de port\u00e9e des enfants. En cas de consultation d&rsquo;un m\u00e9decin, garder \u00e0 disposition le r\u00e9cipient ou l&rsquo;\u00e9tiquette. Produit non comestible.<\/span><\/p>\n<p><span style=\"font-family: Ephesis; font-size: 26px;\"><strong><em>Photo non contractuelle<\/em>.<\/strong>\u00a0Votre bougie pourra \u00eatre l\u00e9g\u00e8rement diff\u00e9rente car faite \u00e0 la main de fa\u00e7on artisanale.\u00a0<\/span><\/p>\n<p>&nbsp;<\/p>\n<p><span style=\"font-size: 11px; font-family: 'comic sans ms', sans-serif;\">MENTIONS D&rsquo;AVERTISSEMENT ET DE DANGER<\/span><\/p>\n<p class=\"desc\"><span style=\"font-family: 'comic sans ms', sans-serif; font-size: 11px;\">Attention. H302 &#8211; Nocif en cas d&rsquo;ingestion, H319 &#8211; Provoque une s\u00e9v\u00e8re irritation des yeux, H412 &#8211; Nocif pour les organismes aquatiques, entra\u00eene des effets n\u00e9fastes \u00e0 long terme.<\/span><\/p>\n","protected":false},"excerpt":{"rendered":"<p><span style=\"font-family: Ephesis; font-size: 26px;\">Bougie unique d\u00e9cor\u00e9e \u00e0 la main avec une pierre roul\u00e9e <a href=\"https:\/\/lumieresdeselene.com\/index.php\/produit\/sodalite-aa\/\">Sodalite<\/a> qualit\u00e9 AA (Tr\u00e8s \u00e9lev\u00e9e), provenance Br\u00e9sil et parfum Poudre de Perlimpinpin.<\/span><\/p>\n<p><span style=\"font-family: Ephesis; font-size: 26px;\">Cire de Soja 100% v\u00e9g\u00e9tale, V\u00e9gan, sans Ogm avec parfums de Grasse garantis sans Cmr.<\/span><\/p>\n<p><span style=\"font-family: Ephesis; font-size: 26px;\">Pyramide olfactive<\/span><\/p>\n<ul class=\"pyramide_texts\">\n<li class=\"\"><span style=\"font-family: Ephesis; font-size: 26px;\">Notes de t\u00eate : Fraise, fleur d&rsquo;oranger<\/span><\/li>\n<li class=\"\"><span style=\"font-family: Ephesis; font-size: 26px;\">Notes de coeur : Barbe \u00e0 papa<\/span><\/li>\n<li class=\"\"><span style=\"font-family: Ephesis; font-size: 26px;\">Notes de fond : Vanille, caramel<\/span><\/li>\n<\/ul>\n","protected":false},"featured_media":2019,"comment_status":"closed","ping_status":"closed","template":"","meta":[],"product_brand":[],"product_cat":[550],"product_tag":[544,551],"class_list":{"0":"post-2017","1":"product","2":"type-product","3":"status-publish","4":"has-post-thumbnail","6":"product_cat-bougies-lithotherapie","7":"product_tag-bougie","8":"product_tag-lithotherapie","10":"first","11":"instock","12":"purchasable","13":"product-type-simple"},"yoast_head":"<!-- This site is optimized with the Yoast SEO plugin v27.1 - https:\/\/yoast.com\/product\/yoast-seo-wordpress\/ -->\n<title>Bougie lithoth\u00e9rapie - Poudre de Perlimpinpin - Sodalite - Lumi\u00e8res de S\u00e9l\u00e9n\u00e9<\/title>\n<meta name=\"description\" content=\"Cliquez ici pour d\u00e9couvrir Bougie lithoth\u00e9rapie - Poudre de Perlimpinpin - Sodalite . Produits en stock d\u00e9part le jour m\u00eame ou le lendemain - Lumi\u00e8res de S\u00e9l\u00e9n\u00e9\" \/>\n<meta name=\"robots\" content=\"index, follow, max-snippet:-1, max-image-preview:large, max-video-preview:-1\" \/>\n<link rel=\"canonical\" href=\"https:\/\/lumieresdeselene.com\/index.php\/produit\/bougie-lithotherapie-poudre-de-perlimpinpin-sodalite\/\" \/>\n<meta property=\"og:locale\" content=\"fr_FR\" \/>\n<meta property=\"og:type\" content=\"article\" \/>\n<meta property=\"og:title\" content=\"Bougie lithoth\u00e9rapie - Poudre de Perlimpinpin - Sodalite - Lumi\u00e8res de S\u00e9l\u00e9n\u00e9\" \/>\n<meta property=\"og:description\" content=\"Cliquez ici pour d\u00e9couvrir Bougie lithoth\u00e9rapie - Poudre de Perlimpinpin - Sodalite . Produits en stock d\u00e9part le jour m\u00eame ou le lendemain - Lumi\u00e8res de S\u00e9l\u00e9n\u00e9\" \/>\n<meta property=\"og:url\" content=\"https:\/\/lumieresdeselene.com\/index.php\/produit\/bougie-lithotherapie-poudre-de-perlimpinpin-sodalite\/\" \/>\n<meta property=\"og:site_name\" content=\"Lumi\u00e8res de S\u00e9l\u00e9n\u00e9\" \/>\n<meta property=\"article:publisher\" content=\"https:\/\/www.facebook.com\/lumieresdeselene\/\" \/>\n<meta property=\"article:modified_time\" content=\"2025-12-02T10:55:09+00:00\" \/>\n<meta property=\"og:image\" content=\"https:\/\/lumieresdeselene.com\/wp-content\/uploads\/2024\/09\/20240906_144220.jpg\" \/>\n\t<meta property=\"og:image:width\" content=\"2403\" \/>\n\t<meta property=\"og:image:height\" content=\"2400\" \/>\n\t<meta property=\"og:image:type\" content=\"image\/jpeg\" \/>\n<meta name=\"twitter:card\" content=\"summary_large_image\" \/>\n<meta name=\"twitter:label1\" content=\"Dur\u00e9e de lecture estim\u00e9e\" \/>\n\t<meta name=\"twitter:data1\" content=\"2 minutes\" \/>\n<script type=\"application\/ld+json\" class=\"yoast-schema-graph\">{\"@context\":\"https:\/\/schema.org\",\"@graph\":[{\"@type\":\"WebPage\",\"@id\":\"https:\/\/lumieresdeselene.com\/index.php\/produit\/bougie-lithotherapie-poudre-de-perlimpinpin-sodalite\/\",\"url\":\"https:\/\/lumieresdeselene.com\/index.php\/produit\/bougie-lithotherapie-poudre-de-perlimpinpin-sodalite\/\",\"name\":\"Bougie lithoth\u00e9rapie - Poudre de Perlimpinpin - Sodalite - Lumi\u00e8res de S\u00e9l\u00e9n\u00e9\",\"isPartOf\":{\"@id\":\"https:\/\/lumieresdeselene.com\/#website\"},\"primaryImageOfPage\":{\"@id\":\"https:\/\/lumieresdeselene.com\/index.php\/produit\/bougie-lithotherapie-poudre-de-perlimpinpin-sodalite\/#primaryimage\"},\"image\":{\"@id\":\"https:\/\/lumieresdeselene.com\/index.php\/produit\/bougie-lithotherapie-poudre-de-perlimpinpin-sodalite\/#primaryimage\"},\"thumbnailUrl\":\"https:\/\/i0.wp.com\/lumieresdeselene.com\/wp-content\/uploads\/2024\/09\/20240906_144220.jpg?fit=2403%2C2400&ssl=1\",\"datePublished\":\"2024-09-09T09:50:02+00:00\",\"dateModified\":\"2025-12-02T10:55:09+00:00\",\"description\":\"Cliquez ici pour d\u00e9couvrir Bougie lithoth\u00e9rapie - Poudre de Perlimpinpin - Sodalite . Produits en stock d\u00e9part le jour m\u00eame ou le lendemain - Lumi\u00e8res de S\u00e9l\u00e9n\u00e9\",\"breadcrumb\":{\"@id\":\"https:\/\/lumieresdeselene.com\/index.php\/produit\/bougie-lithotherapie-poudre-de-perlimpinpin-sodalite\/#breadcrumb\"},\"inLanguage\":\"fr-FR\",\"potentialAction\":[{\"@type\":\"ReadAction\",\"target\":[\"https:\/\/lumieresdeselene.com\/index.php\/produit\/bougie-lithotherapie-poudre-de-perlimpinpin-sodalite\/\"]}]},{\"@type\":\"ImageObject\",\"inLanguage\":\"fr-FR\",\"@id\":\"https:\/\/lumieresdeselene.com\/index.php\/produit\/bougie-lithotherapie-poudre-de-perlimpinpin-sodalite\/#primaryimage\",\"url\":\"https:\/\/i0.wp.com\/lumieresdeselene.com\/wp-content\/uploads\/2024\/09\/20240906_144220.jpg?fit=2403%2C2400&ssl=1\",\"contentUrl\":\"https:\/\/i0.wp.com\/lumieresdeselene.com\/wp-content\/uploads\/2024\/09\/20240906_144220.jpg?fit=2403%2C2400&ssl=1\",\"width\":2403,\"height\":2400,\"caption\":\"Bougie Poudre de Perlimpinpin\"},{\"@type\":\"BreadcrumbList\",\"@id\":\"https:\/\/lumieresdeselene.com\/index.php\/produit\/bougie-lithotherapie-poudre-de-perlimpinpin-sodalite\/#breadcrumb\",\"itemListElement\":[{\"@type\":\"ListItem\",\"position\":1,\"name\":\"Accueil\",\"item\":\"https:\/\/lumieresdeselene.com\/\"},{\"@type\":\"ListItem\",\"position\":2,\"name\":\"Boutique\",\"item\":\"https:\/\/lumieresdeselene.com\/index.php\/boutique\/\"},{\"@type\":\"ListItem\",\"position\":3,\"name\":\"Bougie lithoth\u00e9rapie &#8211; Poudre de Perlimpinpin &#8211; Sodalite\"}]},{\"@type\":\"WebSite\",\"@id\":\"https:\/\/lumieresdeselene.com\/#website\",\"url\":\"https:\/\/lumieresdeselene.com\/\",\"name\":\"Lumi\u00e8res de S\u00e9l\u00e9n\u00e9\",\"description\":\"Lumi\u00e8res de S\u00e9l\u00e9n\u00e9\",\"publisher\":{\"@id\":\"https:\/\/lumieresdeselene.com\/#organization\"},\"potentialAction\":[{\"@type\":\"SearchAction\",\"target\":{\"@type\":\"EntryPoint\",\"urlTemplate\":\"https:\/\/lumieresdeselene.com\/?s={search_term_string}\"},\"query-input\":{\"@type\":\"PropertyValueSpecification\",\"valueRequired\":true,\"valueName\":\"search_term_string\"}}],\"inLanguage\":\"fr-FR\"},{\"@type\":\"Organization\",\"@id\":\"https:\/\/lumieresdeselene.com\/#organization\",\"name\":\"Lumi\u00e8res de S\u00e9l\u00e9n\u00e9\",\"url\":\"https:\/\/lumieresdeselene.com\/\",\"logo\":{\"@type\":\"ImageObject\",\"inLanguage\":\"fr-FR\",\"@id\":\"https:\/\/lumieresdeselene.com\/#\/schema\/logo\/image\/\",\"url\":\"https:\/\/i0.wp.com\/lumieresdeselene.com\/wp-content\/uploads\/2024\/01\/Lumieres-de-Selene3.jpg?fit=500%2C500&ssl=1\",\"contentUrl\":\"https:\/\/i0.wp.com\/lumieresdeselene.com\/wp-content\/uploads\/2024\/01\/Lumieres-de-Selene3.jpg?fit=500%2C500&ssl=1\",\"width\":500,\"height\":500,\"caption\":\"Lumi\u00e8res de S\u00e9l\u00e9n\u00e9\"},\"image\":{\"@id\":\"https:\/\/lumieresdeselene.com\/#\/schema\/logo\/image\/\"},\"sameAs\":[\"https:\/\/www.facebook.com\/lumieresdeselene\/\",\"https:\/\/www.instagram.com\/lumieres.selene\/\"]}]}<\/script>\n<!-- \/ Yoast SEO plugin. -->","yoast_head_json":{"title":"Bougie lithoth\u00e9rapie - Poudre de Perlimpinpin - Sodalite - Lumi\u00e8res de S\u00e9l\u00e9n\u00e9","description":"Cliquez ici pour d\u00e9couvrir Bougie lithoth\u00e9rapie - Poudre de Perlimpinpin - Sodalite . Produits en stock d\u00e9part le jour m\u00eame ou le lendemain - Lumi\u00e8res de S\u00e9l\u00e9n\u00e9","robots":{"index":"index","follow":"follow","max-snippet":"max-snippet:-1","max-image-preview":"max-image-preview:large","max-video-preview":"max-video-preview:-1"},"canonical":"https:\/\/lumieresdeselene.com\/index.php\/produit\/bougie-lithotherapie-poudre-de-perlimpinpin-sodalite\/","og_locale":"fr_FR","og_type":"article","og_title":"Bougie lithoth\u00e9rapie - Poudre de Perlimpinpin - Sodalite - Lumi\u00e8res de S\u00e9l\u00e9n\u00e9","og_description":"Cliquez ici pour d\u00e9couvrir Bougie lithoth\u00e9rapie - Poudre de Perlimpinpin - Sodalite . Produits en stock d\u00e9part le jour m\u00eame ou le lendemain - Lumi\u00e8res de S\u00e9l\u00e9n\u00e9","og_url":"https:\/\/lumieresdeselene.com\/index.php\/produit\/bougie-lithotherapie-poudre-de-perlimpinpin-sodalite\/","og_site_name":"Lumi\u00e8res de S\u00e9l\u00e9n\u00e9","article_publisher":"https:\/\/www.facebook.com\/lumieresdeselene\/","article_modified_time":"2025-12-02T10:55:09+00:00","og_image":[{"width":2403,"height":2400,"url":"https:\/\/lumieresdeselene.com\/wp-content\/uploads\/2024\/09\/20240906_144220.jpg","type":"image\/jpeg"}],"twitter_card":"summary_large_image","twitter_misc":{"Dur\u00e9e de lecture estim\u00e9e":"2 minutes"},"schema":{"@context":"https:\/\/schema.org","@graph":[{"@type":"WebPage","@id":"https:\/\/lumieresdeselene.com\/index.php\/produit\/bougie-lithotherapie-poudre-de-perlimpinpin-sodalite\/","url":"https:\/\/lumieresdeselene.com\/index.php\/produit\/bougie-lithotherapie-poudre-de-perlimpinpin-sodalite\/","name":"Bougie lithoth\u00e9rapie - Poudre de Perlimpinpin - Sodalite - Lumi\u00e8res de S\u00e9l\u00e9n\u00e9","isPartOf":{"@id":"https:\/\/lumieresdeselene.com\/#website"},"primaryImageOfPage":{"@id":"https:\/\/lumieresdeselene.com\/index.php\/produit\/bougie-lithotherapie-poudre-de-perlimpinpin-sodalite\/#primaryimage"},"image":{"@id":"https:\/\/lumieresdeselene.com\/index.php\/produit\/bougie-lithotherapie-poudre-de-perlimpinpin-sodalite\/#primaryimage"},"thumbnailUrl":"https:\/\/i0.wp.com\/lumieresdeselene.com\/wp-content\/uploads\/2024\/09\/20240906_144220.jpg?fit=2403%2C2400&ssl=1","datePublished":"2024-09-09T09:50:02+00:00","dateModified":"2025-12-02T10:55:09+00:00","description":"Cliquez ici pour d\u00e9couvrir Bougie lithoth\u00e9rapie - Poudre de Perlimpinpin - Sodalite . Produits en stock d\u00e9part le jour m\u00eame ou le lendemain - Lumi\u00e8res de S\u00e9l\u00e9n\u00e9","breadcrumb":{"@id":"https:\/\/lumieresdeselene.com\/index.php\/produit\/bougie-lithotherapie-poudre-de-perlimpinpin-sodalite\/#breadcrumb"},"inLanguage":"fr-FR","potentialAction":[{"@type":"ReadAction","target":["https:\/\/lumieresdeselene.com\/index.php\/produit\/bougie-lithotherapie-poudre-de-perlimpinpin-sodalite\/"]}]},{"@type":"ImageObject","inLanguage":"fr-FR","@id":"https:\/\/lumieresdeselene.com\/index.php\/produit\/bougie-lithotherapie-poudre-de-perlimpinpin-sodalite\/#primaryimage","url":"https:\/\/i0.wp.com\/lumieresdeselene.com\/wp-content\/uploads\/2024\/09\/20240906_144220.jpg?fit=2403%2C2400&ssl=1","contentUrl":"https:\/\/i0.wp.com\/lumieresdeselene.com\/wp-content\/uploads\/2024\/09\/20240906_144220.jpg?fit=2403%2C2400&ssl=1","width":2403,"height":2400,"caption":"Bougie Poudre de Perlimpinpin"},{"@type":"BreadcrumbList","@id":"https:\/\/lumieresdeselene.com\/index.php\/produit\/bougie-lithotherapie-poudre-de-perlimpinpin-sodalite\/#breadcrumb","itemListElement":[{"@type":"ListItem","position":1,"name":"Accueil","item":"https:\/\/lumieresdeselene.com\/"},{"@type":"ListItem","position":2,"name":"Boutique","item":"https:\/\/lumieresdeselene.com\/index.php\/boutique\/"},{"@type":"ListItem","position":3,"name":"Bougie lithoth\u00e9rapie &#8211; Poudre de Perlimpinpin &#8211; Sodalite"}]},{"@type":"WebSite","@id":"https:\/\/lumieresdeselene.com\/#website","url":"https:\/\/lumieresdeselene.com\/","name":"Lumi\u00e8res de S\u00e9l\u00e9n\u00e9","description":"Lumi\u00e8res de S\u00e9l\u00e9n\u00e9","publisher":{"@id":"https:\/\/lumieresdeselene.com\/#organization"},"potentialAction":[{"@type":"SearchAction","target":{"@type":"EntryPoint","urlTemplate":"https:\/\/lumieresdeselene.com\/?s={search_term_string}"},"query-input":{"@type":"PropertyValueSpecification","valueRequired":true,"valueName":"search_term_string"}}],"inLanguage":"fr-FR"},{"@type":"Organization","@id":"https:\/\/lumieresdeselene.com\/#organization","name":"Lumi\u00e8res de S\u00e9l\u00e9n\u00e9","url":"https:\/\/lumieresdeselene.com\/","logo":{"@type":"ImageObject","inLanguage":"fr-FR","@id":"https:\/\/lumieresdeselene.com\/#\/schema\/logo\/image\/","url":"https:\/\/i0.wp.com\/lumieresdeselene.com\/wp-content\/uploads\/2024\/01\/Lumieres-de-Selene3.jpg?fit=500%2C500&ssl=1","contentUrl":"https:\/\/i0.wp.com\/lumieresdeselene.com\/wp-content\/uploads\/2024\/01\/Lumieres-de-Selene3.jpg?fit=500%2C500&ssl=1","width":500,"height":500,"caption":"Lumi\u00e8res de S\u00e9l\u00e9n\u00e9"},"image":{"@id":"https:\/\/lumieresdeselene.com\/#\/schema\/logo\/image\/"},"sameAs":["https:\/\/www.facebook.com\/lumieresdeselene\/","https:\/\/www.instagram.com\/lumieres.selene\/"]}]}},"jetpack_sharing_enabled":true,"_links":{"self":[{"href":"https:\/\/lumieresdeselene.com\/index.php\/wp-json\/wp\/v2\/product\/2017","targetHints":{"allow":["GET"]}}],"collection":[{"href":"https:\/\/lumieresdeselene.com\/index.php\/wp-json\/wp\/v2\/product"}],"about":[{"href":"https:\/\/lumieresdeselene.com\/index.php\/wp-json\/wp\/v2\/types\/product"}],"replies":[{"embeddable":true,"href":"https:\/\/lumieresdeselene.com\/index.php\/wp-json\/wp\/v2\/comments?post=2017"}],"wp:featuredmedia":[{"embeddable":true,"href":"https:\/\/lumieresdeselene.com\/index.php\/wp-json\/wp\/v2\/media\/2019"}],"wp:attachment":[{"href":"https:\/\/lumieresdeselene.com\/index.php\/wp-json\/wp\/v2\/media?parent=2017"}],"wp:term":[{"taxonomy":"product_brand","embeddable":true,"href":"https:\/\/lumieresdeselene.com\/index.php\/wp-json\/wp\/v2\/product_brand?post=2017"},{"taxonomy":"product_cat","embeddable":true,"href":"https:\/\/lumieresdeselene.com\/index.php\/wp-json\/wp\/v2\/product_cat?post=2017"},{"taxonomy":"product_tag","embeddable":true,"href":"https:\/\/lumieresdeselene.com\/index.php\/wp-json\/wp\/v2\/product_tag?post=2017"}],"curies":[{"name":"wp","href":"https:\/\/api.w.org\/{rel}","templated":true}]}}